318802
In base 10, what is -829568 - -76?
-829492
In base 13, what is 9330c1 - -2?
9330c3
In base 8, what is 153604 - 71?
153513
In base 3, what is -1210 - 2102200010212?
-2102200012122
In base 3, what is 2102 - 100010021120?
-100010012011
In base 16, what is -157 - -56833?
566dc
In base 2, what is 10101000 + -11010000111010010001?
-11010000110111101001
In base 7, what is -154 - -26556643?
26556456
In base 16, what is -b11 - -2902?
1df1
In base 2, what is -10000011011011010111 + -11110?
-10000011011011110101
In base 3, what is 10 + 12121200110122?
12121200110202
In base 8, what is 122277300 - -7?
122277307
In base 14, what is -5b32 + -2aab?
-87dd
In base 7, what is 14243411 - 161?
14243220
In base 8, what is 320 - -2303?
2623
In base 14, what is -4 - 1b6d77?
-1b6d7b
In base 12, what is -6 + -1033053?
-1033059
In base 10, what is 1047240 - 10?
1047230
In base 4, what is 3301103120213 - -11?
3301103120230
In base 16, what is 17f21c - -c?
17f228
In base 11, what is 162321185 - 1?
162321184
In base 3, what is -200122 + 122001001111?
122000100212
In base 9, what is -5 - 158575561?
-158575566
In base 2, what is -10111001010 + 1100101010101?
1001110001011
In base 9, what is 5108 + 5233?
11342
In base 10, what is 5 - -205865458?
205865463
In base 3, what is -100220100010 + -1110?
-100220101120
In base 13, what is 2a69 - 22723?
-1c987
In base 16, what is -478 + 1ffa?
1b82
In base 6, what is -11 - -24232052?
24232041
In base 6, what is 35533034 + -14?
35533020
In base 14, what is -1c142 - -226?
-1bd1a
In base 7, what is 25 + -410015?
-406660
In base 9, what is -4 - 225608?
-225613
In base 6, what is -3 - -35243334304?
35243334301
In base 8, what is 6202101 + -4?
6202075
In base 9, what is 11427 - 67438?
-56011
In base 16, what is 2 + -25055ff?
-25055fd
In base 3, what is -20 - -110100020122?
110100020102
In base 9, what is 6840 + 8163?
16113
In base 12, what is b + 8b1689?
8b1698
In base 16, what is -7 + -2e270ac?
-2e270b3
In base 8, what is 427 - 14443?
-14014
In base 6, what is -1 - -135034411?
135034410
In base 7, what is 21 + 23661454?
23661505
In base 4, what is 1323102 + -320303?
1002133
In base 2, what is -100111000000101011000 + -10?
-100111000000101011010
In base 2, what is 100111110101101001 + 101011?
100111110110010100
In base 10, what is 109 - -34303?
34412
In base 6, what is 32235023 - 3025?
32231554
In base 6, what is -14 - -24204222?
24204204
In base 6, what is -12 + 54401425?
54401413
In base 2, what is 101111010101111110010111100 + 101?
101111010101111110011000001
In base 4, what is 2210 - 232200030?
-232131220
In base 16, what is -2d0fa3 + 7?
-2d0f9c
In base 16, what is -45da1 + 6?
-45d9b
In base 10, what is 65083 + 30431?
95514
In base 5, what is -1112234024 - -11?
-1112234013
In base 13, what is 4 + -270350a?
-2703506
In base 14, what is 41dbc59 + 3?
41dbc5c
In base 6, what is 1 - -3004300303?
3004300304
In base 9, what is -388 - 55072?
-55471
In base 16, what is -3306b87 - -4?
-3306b83
In base 3, what is 1021212 - -21202122?
100001111
In base 8, what is 36 + -6761341?
-6761303
In base 6, what is -35 - 145243?
-145322
In base 3, what is 1210010222 - -102221?
1210120220
In base 4, what is -10 + 23322132232?
23322132222
In base 10, what is -9196050 + -4?
-9196054
In base 13, what is 4a1 - ac89?
-a7b8
In base 3, what is 2002001 + 110120120110?
110122122111
In base 5, what is 20122 + -132043?
-111421
In base 4, what is -32232 - 22132202?
-22231100
In base 11, what is -a068a10 + -16?
-a068a26
In base 2, what is -1101 + 11010000110011111101010?
11010000110011111011101
In base 14, what is -13 + -251811?
-251824
In base 6, what is 15201214 - 11210?
15150004
In base 10, what is -5362873 + 3?
-5362870
In base 6, what is -3 - -142531412?
142531405
In base 3, what is 2001010 - 2020112102?
-2011111022
In base 15, what is -d - -52421?
52413
In base 7, what is -1116 - 4204?
-5323
In base 4, what is 333030002112 - -3?
333030002121
In base 7, what is -2 + -40004631?
-40004633
In base 2, what is -100 - -110011101011001110101111?
110011101011001110101011
In base 3, what is -12122102210 - 10120?
-12122120100
In base 3, what is -120202 + -102022012221?
-102022210200
In base 4, what is 20032002031 - 11?
20032002020
In base 10, what is -353518 - -185?
-353333
In base 8, what is 137647 - -120?
137767
In base 8, what is 1257 + -61305?
-60026
In base 10, what is 15562655 - 20?
15562635
In base 3, what is -2220111 + -200201101?
-210121212
In base 9, what is -211550 + -33?
-211583
In base 5, what is 4234 + -10242230?
-10232441
In base 7, what is -16141 - 4212?
-23353
In base 5, what is -1031242024324 + 1?
-1031242024323
In base 12, what is 3a5 + 158297?
158680
In base 16, what is 10152 - 953?
f7ff
In base 12, what is -4987 + -110?
-4a97
In base 7, what is -30254 + -10306?
-40563
In base 5, what is 0 - 1223304102?
-1223304102
In base 11, what is 51 + 153631?
153682
In base 11, what is 1246 + -170886?
-16a640
In base 13, what is 1379 + 9587?
a933
In base 4, what is 21122012121203 + -3?
21122012121200
In base 14, what is -4 - 13cd1dd?
-13cd203
In base 6, what is -23401225145 - 2?
-23401225151
In base 9, what is 756 - -28221?
30077
In base 6, what is 11411303 + 22?
11411325
In base 2, what is 11000100011001 + -100111011?
10111111011110
In base 15, what is -b0 - 12ddea?
-12deaa
In base 10, what is -1193 + -14492?
-15685
In base 14, what is 33bb1 - -790?
34561
In base 14, what is 23c7 + -d72?
1455
In base 4, what is 20112111311121 - -10?
20112111311131
In base 7, what is 415 - 2516535?
-2516120
In base 4, what is 0 - -310020023130?
310020023130
In base 16, what is -25c574c - 2?
-25c574e
In base 3, what is 1102112022100 - 1121?
1102112020202
In base 2, what is 10111000 - -1101000101001101?
1101001000000101
In base 13, what is 2 + -5954b4?
-5954b2
In base 12, what is -1 + -4091638?
-4091639
In base 13, what is -14 - -a107a?
a1066
In base 12, what is -169 + 46129?
45b80
In base 3, what is -12120212002112020 - -2?
-12120212002112011
In base 7, what is 30062164 + 4?
30062201
In base 9, what is 4 - -135835731?
135835735
In base 9, what is -7472 - -123?
-7348
In base 16, what is 4 + -3d50e?
-3d50a
In base 5, what is 3442022022 + 4?
3442022031
In base 4, what is -2332323201310 - -22?
-2332323201222
In base 15, what is -4b165 - 1dc?
-4b352
In base 10, what is -118 - -495134?
495016
In base 2, what is -1101100110010000 - 111100101?
-1101101101110101
In base 16, what is -325510b - -7?
-3255104
In base 5, what is 1212 - 122014440?
-122013223
In base 15, what is 4e7b0d8 + 3?
4e7b0db
In base 3, what is -220022 + -120211122?
-121201221
In base 9, what is 10250068 - 0?
10250068
In base 9, what is 2 - -137687572?
137687574
In base 10, what is -4250 - 55?
-4305
In base 2, what is 1101000000101101111110000 + 1?
1101000000101101111110001
In base 11, what is -2a77a - -234?
-2a546
In base 16, what is 65ec81 + 1b?
65ec9c
In base 13, what is -c - 597654?
-597663
In base 16, what is c44 - -9c30?
a874
In base 5, what is -13414121120 - 2?
-13414121122
In base 9, what is -172210 - -288?
-171811
In base 8, what is 1476705231 - -3?
1476705234
In base 10, what is -109 + 255588?
255479
In base 3, what is -2012222001021100 + 120?
-2012222001020210
In base 12, what is -47312 + 289?
-47045
In base 3, what is -12 + 12202101212112221?
12202101212112202
In base 5, what is -10 + -232114023433?
-232114023443
In base 16, what is -12db29e3 - 4?
-12db29e7
In base 4, what is -230033232 + 11110?
-230022122
In base 15, what is -2eb30 - -99?
-2ea86
In base 13, what is -a7 - 5c08c?
-5c166
In base 13, what is -6a482 - -31?
-6a451
In base 8, what is 3 - -1261436534?
1261436537
In base 14, what is 129d1d9 + 15?
129d210
In base 4, what is 23 + -100130030022?
-100130023333
In base 2, what is 11 + 110011111111101000001101000?
110011111111101000001101011
In base 15, what is -3e57d4 + 5?
-3e57ce
In base 6, what is 32033 + -2324?
25305
In base 15, what is -c23 - -25ea?
18c7
In base 13, what is 3a07990 + -4?
3a07989
In base 5, what is -3142203020 - 134?
-3142203204
In base 7, what is -2003 - -12113143?
12111140
In base 5, what is -32341 + -120322?
-203213
In base 8, what is 643 - -534131?
534774
In base 3, what is -1020220022 + -100220?
-1021021012
In base 16, what is -1b0b7 + -a33?
-1baea
In base 2, what is 100 - 1011